{"id":8,"date":"2024-10-06T06:44:53","date_gmt":"2024-10-06T06:44:53","guid":{"rendered":"https:\/\/serviciodesoftware.xyz\/?page_id=8"},"modified":"2026-04-18T19:51:55","modified_gmt":"2026-04-18T19:51:55","slug":"inicio","status":"publish","type":"page","link":"https:\/\/serviciodesoftware.xyz\/","title":{"rendered":"Inicio"},"content":{"rendered":"\t\t<div data-elementor-type=\"wp-page\" data-elementor-id=\"8\" class=\"elementor elementor-8\">\n\t\t\t\t<div class=\"elementor-element elementor-element-201c66d e-flex e-con-boxed e-con e-parent\" data-id=\"201c66d\" data-element_type=\"container\">\n\t\t\t\t\t<div class=\"e-con-inner\">\n\t\t\t\t<div class=\"elementor-element elementor-element-37b1393 elementor-widget elementor-widget-spacer\" data-id=\"37b1393\" data-element_type=\"widget\" data-widget_type=\"spacer.default\">\n\t\t\t\t<div class=\"elementor-widget-container\">\n\t\t\t\t\t<div class=\"elementor-spacer\">\n\t\t\t<div class=\"elementor-spacer-inner\"><\/div>\n\t\t<\/div>\n\t\t\t\t<\/div>\n\t\t\t\t<\/div>\n\t\t\t\t<div class=\"elementor-element elementor-element-bf2fede elementor-widget elementor-widget-heading\" data-id=\"bf2fede\" data-element_type=\"widget\" data-widget_type=\"heading.default\">\n\t\t\t\t<div class=\"elementor-widget-container\">\n\t\t\t<h1 class=\"elementor-heading-title elementor-size-default\">Servicio de Software y aplicaciones del noroeste SAS de CV<\/h1>\t\t<\/div>\n\t\t\t\t<\/div>\n\t\t\t\t<div class=\"elementor-element elementor-element-f9c7b53 elementor-widget elementor-widget-image\" data-id=\"f9c7b53\" data-element_type=\"widget\" data-widget_type=\"image.default\">\n\t\t\t\t<div class=\"elementor-widget-container\">\n\t\t\t\t\t\t\t\t\t\t\t\t\t<img fetchpriority=\"high\" decoding=\"async\" width=\"300\" height=\"300\" src=\"https:\/\/serviciodesoftware.xyz\/wp-content\/uploads\/2024\/10\/SSAN-300x300.png\" class=\"attachment-medium size-medium wp-image-28\" alt=\"\" srcset=\"https:\/\/serviciodesoftware.xyz\/wp-content\/uploads\/2024\/10\/SSAN-300x300.png 300w, https:\/\/serviciodesoftware.xyz\/wp-content\/uploads\/2024\/10\/SSAN-1024x1024.png 1024w, https:\/\/serviciodesoftware.xyz\/wp-content\/uploads\/2024\/10\/SSAN-150x150.png 150w, https:\/\/serviciodesoftware.xyz\/wp-content\/uploads\/2024\/10\/SSAN-768x769.png 768w, https:\/\/serviciodesoftware.xyz\/wp-content\/uploads\/2024\/10\/SSAN.png 1483w\" sizes=\"(max-width: 300px) 100vw, 300px\" \/>\t\t\t\t\t\t\t\t\t\t\t\t\t<\/div>\n\t\t\t\t<\/div>\n\t\t\t\t<div class=\"elementor-element elementor-element-78ad80c elementor-button-info elementor-align-justify elementor-widget elementor-widget-button\" data-id=\"78ad80c\" data-element_type=\"widget\" data-widget_type=\"button.default\">\n\t\t\t\t<div class=\"elementor-widget-container\">\n\t\t\t\t\t<div class=\"elementor-button-wrapper\">\n\t\t\t<a class=\"elementor-button elementor-button-link elementor-size-sm\" href=\"https:\/\/www.facebook.com\/softwaredelnoroeste\">\n\t\t\t\t\t\t<span class=\"elementor-button-content-wrapper\">\n\t\t\t\t\t\t\t\t\t<span class=\"elementor-button-text\">Contactanos<\/span>\n\t\t\t\t\t<\/span>\n\t\t\t\t\t<\/a>\n\t\t<\/div>\n\t\t\t\t<\/div>\n\t\t\t\t<\/div>\n\t\t\t\t<div class=\"elementor-element elementor-element-5f59cd2 elementor-widget elementor-widget-text-editor\" data-id=\"5f59cd2\" data-element_type=\"widget\" data-widget_type=\"text-editor.default\">\n\t\t\t\t<div class=\"elementor-widget-container\">\n\t\t\t\t\t\t\t<p>En <a title=\"Home\" href=\"https:\/\/serviciodesoftware.xyz\/\" rel=\"home\">Servicio de Software y aplicaciones del noroeste SAS de CV<\/a>, somos expertos en el desarrollo de <strong>software personalizado<\/strong> que resuelve problemas espec\u00edficos y mejora la eficiencia de tu negocio. Trabajamos mano a mano con nuestros clientes para ofrecer soluciones tecnol\u00f3gicas innovadoras que optimizan procesos, reducen costos y aumentan la productividad.<\/p>\t\t\t\t\t\t<\/div>\n\t\t\t\t<\/div>\n\t\t\t\t<div class=\"elementor-element elementor-element-95468be elementor-widget elementor-widget-spacer\" data-id=\"95468be\" data-element_type=\"widget\" data-widget_type=\"spacer.default\">\n\t\t\t\t<div class=\"elementor-widget-container\">\n\t\t\t\t\t<div class=\"elementor-spacer\">\n\t\t\t<div class=\"elementor-spacer-inner\"><\/div>\n\t\t<\/div>\n\t\t\t\t<\/div>\n\t\t\t\t<\/div>\n\t\t\t\t\t<\/div>\n\t\t\t\t<\/div>\n\t\t<div class=\"elementor-element elementor-element-bba4714 e-flex e-con-boxed e-con e-parent\" data-id=\"bba4714\" data-element_type=\"container\">\n\t\t\t\t\t<div class=\"e-con-inner\">\n\t\t\t\t<div class=\"elementor-element elementor-element-def152a elementor-widget elementor-widget-heading\" data-id=\"def152a\" data-element_type=\"widget\" data-widget_type=\"heading.default\">\n\t\t\t\t<div class=\"elementor-widget-container\">\n\t\t\t<h2 class=\"elementor-heading-title elementor-size-default\">Nuestras Marcas<\/h2>\t\t<\/div>\n\t\t\t\t<\/div>\n\t\t\t\t<div class=\"elementor-element elementor-element-4d0408b elementor-widget elementor-widget-text-editor\" data-id=\"4d0408b\" data-element_type=\"widget\" data-widget_type=\"text-editor.default\">\n\t\t\t\t<div class=\"elementor-widget-container\">\n\t\t\t\t\t\t\t<p>Nuestros servicios se dividen en diferentes marcas especializadas, lo que nos permite abordar necesidades \u00fanicas en diversas industrias:<\/p>\t\t\t\t\t\t<\/div>\n\t\t\t\t<\/div>\n\t\t\t\t\t<\/div>\n\t\t\t\t<\/div>\n\t\t<div class=\"elementor-element elementor-element-a2af312 e-grid e-con-boxed e-con e-parent\" data-id=\"a2af312\" data-element_type=\"container\">\n\t\t\t\t\t<div class=\"e-con-inner\">\n\t\t\t\t<div class=\"elementor-element elementor-element-881d66f elementor-position-top elementor-widget elementor-widget-image-box\" data-id=\"881d66f\" data-element_type=\"widget\" data-widget_type=\"image-box.default\">\n\t\t\t\t<div class=\"elementor-widget-container\">\n\t\t\t<div class=\"elementor-image-box-wrapper\"><figure class=\"elementor-image-box-img\"><a href=\"https:\/\/BajaCloudHosting.com\" tabindex=\"-1\"><img decoding=\"async\" width=\"300\" height=\"262\" src=\"https:\/\/serviciodesoftware.xyz\/wp-content\/uploads\/2024\/10\/BajaCloudHostingLogo.png\" class=\"attachment-full size-full wp-image-14\" alt=\"\" \/><\/a><\/figure><div class=\"elementor-image-box-content\"><h3 class=\"elementor-image-box-title\"><a href=\"https:\/\/BajaCloudHosting.com\">BajaCloudHosting.com<\/a><\/h3><p class=\"elementor-image-box-description\"><b>Baja Cloud Hosting<\/b> ofrece soluciones de hospedaje web basadas en la nube, especializadas en WordPress, VPS, y servidores dedicados. Su principal enfoque es garantizar un tiempo de actividad del 99.99%, junto con medidas de seguridad avanzadas para proteger los sitios web de sus clientes. Adem\u00e1s, ofrecen planes mensuales y anuales con opciones de hosting compartido, VPS y servidores dedicados, asegurando flexibilidad y rendimiento para diferentes necesidades empresariales<\/p><\/div><\/div>\t\t<\/div>\n\t\t\t\t<\/div>\n\t\t\t\t<div class=\"elementor-element elementor-element-131d3ac elementor-position-top elementor-widget elementor-widget-image-box\" data-id=\"131d3ac\" data-element_type=\"widget\" data-widget_type=\"image-box.default\">\n\t\t\t\t<div class=\"elementor-widget-container\">\n\t\t\t<div class=\"elementor-image-box-wrapper\"><figure class=\"elementor-image-box-img\"><a href=\"https:\/\/SiuSoftware.com\" tabindex=\"-1\"><img decoding=\"async\" width=\"300\" height=\"300\" src=\"https:\/\/serviciodesoftware.xyz\/wp-content\/uploads\/2024\/10\/SIU_logo.png\" class=\"attachment-full size-full wp-image-20\" alt=\"\" srcset=\"https:\/\/serviciodesoftware.xyz\/wp-content\/uploads\/2024\/10\/SIU_logo.png 300w, https:\/\/serviciodesoftware.xyz\/wp-content\/uploads\/2024\/10\/SIU_logo-150x150.png 150w\" sizes=\"(max-width: 300px) 100vw, 300px\" \/><\/a><\/figure><div class=\"elementor-image-box-content\"><h3 class=\"elementor-image-box-title\"><a href=\"https:\/\/SiuSoftware.com\">SiuSoftware.com<\/a><\/h3><p class=\"elementor-image-box-description\"><b>SIU Software<\/b> es una empresa l\u00edder en desarrollo de software a medida, especializada en el dise\u00f1o y desarrollo de aplicaciones m\u00f3viles y web, as\u00ed como en soluciones empresariales. Desde su fundaci\u00f3n, se han centrado en proporcionar soluciones de desarrollo de software s\u00f3lidas y funcionales utilizando las \u00faltimas tecnolog\u00edas y metodolog\u00edas.<\/p><\/div><\/div>\t\t<\/div>\n\t\t\t\t<\/div>\n\t\t\t\t<div class=\"elementor-element elementor-element-7c584c2 elementor-position-top elementor-widget elementor-widget-image-box\" data-id=\"7c584c2\" data-element_type=\"widget\" data-widget_type=\"image-box.default\">\n\t\t\t\t<div class=\"elementor-widget-container\">\n\t\t\t<div class=\"elementor-image-box-wrapper\"><figure class=\"elementor-image-box-img\"><a href=\"https:\/\/eventosentijuana.com\/\" tabindex=\"-1\"><img loading=\"lazy\" decoding=\"async\" width=\"512\" height=\"512\" src=\"https:\/\/serviciodesoftware.xyz\/wp-content\/uploads\/2026\/04\/Logo-padding.jpg\" class=\"attachment-full size-full wp-image-62\" alt=\"\" srcset=\"https:\/\/serviciodesoftware.xyz\/wp-content\/uploads\/2026\/04\/Logo-padding.jpg 512w, https:\/\/serviciodesoftware.xyz\/wp-content\/uploads\/2026\/04\/Logo-padding-300x300.jpg 300w, https:\/\/serviciodesoftware.xyz\/wp-content\/uploads\/2026\/04\/Logo-padding-150x150.jpg 150w\" sizes=\"(max-width: 512px) 100vw, 512px\" \/><\/a><\/figure><div class=\"elementor-image-box-content\"><h3 class=\"elementor-image-box-title\"><a href=\"https:\/\/eventosentijuana.com\/\">EventosEnTijuana.com<\/a><\/h3><p class=\"elementor-image-box-description\"><b>Eventosentijuana.com<\/b> es la plataforma digital l\u00edder y el punto de encuentro definitivo para la vida social, cultural y de entretenimiento en la ciudad de Tijuana. El sitio se especializa en la difusi\u00f3n y promoci\u00f3n de una amplia gama de actividades, desde conciertos masivos y obras de teatro hasta festivales gastron\u00f3micos y eventos deportivos.<br>\n\nSe destaca por ofrecer una cartelera actualizada en tiempo real, facilitando a los usuarios el acceso a detalles clave como fechas, sedes y enlaces directos para la compra de boletos. Con un dise\u00f1o intuitivo y un enfoque en la comunidad local, el portal se posiciona como la gu\u00eda imprescindible para quienes buscan descubrir lo mejor que la frontera m\u00e1s visitada del mundo tiene para ofrecer, conectando a los organizadores con su audiencia de manera eficiente y din\u00e1mica.<\/p><\/div><\/div>\t\t<\/div>\n\t\t\t\t<\/div>\n\t\t\t\t\t<\/div>\n\t\t\t\t<\/div>\n\t\t<div class=\"elementor-element elementor-element-2a6c333 e-grid e-con-boxed e-con e-parent\" data-id=\"2a6c333\" data-element_type=\"container\">\n\t\t\t\t\t<div class=\"e-con-inner\">\n\t\t\t\t\t<\/div>\n\t\t\t\t<\/div>\n\t\t\t\t<\/div>\n\t\t","protected":false},"excerpt":{"rendered":"<p>Servicio de Software y aplicaciones del noroeste SAS de CV Contactanos En Servicio de Software y aplicaciones del noroeste SAS de CV, somos expertos en el desarrollo de software personalizado que resuelve problemas espec\u00edficos y mejora la eficiencia de tu negocio. Trabajamos mano a mano con nuestros clientes para ofrecer soluciones tecnol\u00f3gicas innovadoras que optimizan [&hellip;]<\/p>\n","protected":false},"author":1,"featured_media":0,"parent":0,"menu_order":0,"comment_status":"closed","ping_status":"closed","template":"elementor_canvas","meta":{"footnotes":""},"class_list":["post-8","page","type-page","status-publish","hentry"],"_links":{"self":[{"href":"https:\/\/serviciodesoftware.xyz\/index.php?rest_route=\/wp\/v2\/pages\/8","targetHints":{"allow":["GET"]}}],"collection":[{"href":"https:\/\/serviciodesoftware.xyz\/index.php?rest_route=\/wp\/v2\/pages"}],"about":[{"href":"https:\/\/serviciodesoftware.xyz\/index.php?rest_route=\/wp\/v2\/types\/page"}],"author":[{"embeddable":true,"href":"https:\/\/serviciodesoftware.xyz\/index.php?rest_route=\/wp\/v2\/users\/1"}],"replies":[{"embeddable":true,"href":"https:\/\/serviciodesoftware.xyz\/index.php?rest_route=%2Fwp%2Fv2%2Fcomments&post=8"}],"version-history":[{"count":43,"href":"https:\/\/serviciodesoftware.xyz\/index.php?rest_route=\/wp\/v2\/pages\/8\/revisions"}],"predecessor-version":[{"id":68,"href":"https:\/\/serviciodesoftware.xyz\/index.php?rest_route=\/wp\/v2\/pages\/8\/revisions\/68"}],"wp:attachment":[{"href":"https:\/\/serviciodesoftware.xyz\/index.php?rest_route=%2Fwp%2Fv2%2Fmedia&parent=8"}],"curies":[{"name":"wp","href":"https:\/\/api.w.org\/{rel}","templated":true}]}}